{"id":208,"date":"2018-02-02T10:26:30","date_gmt":"2018-02-02T10:26:30","guid":{"rendered":"http:\/\/web4work.ch\/putzfroue\/?page_id=208"},"modified":"2020-10-01T11:55:42","modified_gmt":"2020-10-01T11:55:42","slug":"rosalia-manella","status":"publish","type":"page","link":"http:\/\/web4work.ch\/putzfroue\/?page_id=208","title":{"rendered":"Rosalia Manella"},"content":{"rendered":"<p>ROSALIA ist ebenfalls ein Gr\u00fcndungsmitglied der PutzFroue und hatte fr\u00fcher die Geschicke der Gruppe in die richtigen Gassen und Beizen gelenkt.<\/p>\n<p>ROSALIA ist eine sehr fleissige Putzfrau \u2013 also wir meinen das so \u2013 sie ist seit 1992 an jeder Fasnacht dabei \u2013 aber das mit dem Putzen ist nicht so ihre Sache. Fr\u00fcher hatte sie zus\u00e4tzlich noch Eins\u00e4tze in anderen St\u00e4dten. Aber die Alarmzentrale der Schw\u00e4ne hatte da Einw\u00e4nde..<\/p>\n<p>ROSALIA war fr\u00fcher immer im Merkur am Zytglogge zu sp\u00e4ter Stunde anzutreffen. Leider ist das heute so ein ScheissSchuppen. Heute triffst du sie im Bermudadreieck zwischen W\u00e4bere-JetL\u00e4g-Seemanskeller.<\/p>\n\n<table id=\"tablepress-3\" class=\"tablepress tablepress-id-3\">\n<thead>\n<tr class=\"row-1\">\n\t<th class=\"column-1\">Name<\/th><th class=\"column-2\">Rosalia Manella<\/th>\n<\/tr>\n<\/thead>\n<tbody class=\"row-striping row-hover\">\n<tr class=\"row-2\">\n\t<td class=\"column-1\">Bei den PutzFroue seit<\/td><td class=\"column-2\">1992<\/td>\n<\/tr>\n<tr class=\"row-3\">\n\t<td class=\"column-1\">Ausbildung<\/td><td class=\"column-2\">Diplomlehrgang Putzen in der Gass und den Kellern.<\/td>\n<\/tr>\n<tr class=\"row-4\">\n\t<td class=\"column-1\">Beruf<\/td><td class=\"column-2\">Bildliknipserin und Confettiwerferin. (Putzen sind nicht so ihre St\u00e4rken)<\/td>\n<\/tr>\n<tr class=\"row-5\">\n\t<td class=\"column-1\">Wo ist sie w\u00e4hrend dem Jahr<\/td><td class=\"column-2\">Meistens im Mottenschrank.<\/td>\n<\/tr>\n<tr class=\"row-6\">\n\t<td class=\"column-1\">FeiglingBarometer<\/td><td class=\"column-2\">72<\/td>\n<\/tr>\n<tr class=\"row-7\">\n\t<td class=\"column-1\">Sie zierte unser Plagette im <\/td><td class=\"column-2\">2012<\/td>\n<\/tr>\n<tr class=\"row-8\">\n\t<td class=\"column-1\">so sch\u00f6n - gell<\/td><td class=\"column-2\"><a href=\"http:\/\/web4work.ch\/putzfroue\/wp-content\/uploads\/2018\/01\/Plakette-2012-Rosalia.jpg\"><img fetchpriority=\"high\" decoding=\"async\" src=\"http:\/\/web4work.ch\/putzfroue\/wp-content\/uploads\/2018\/01\/Plakette-2012-Rosalia-300x300.jpg\" alt=\"\" width=\"300\" height=\"300\" class=\"alignnone size-medium wp-image-87\" srcset=\"http:\/\/web4work.ch\/putzfroue\/wp-content\/uploads\/2018\/01\/Plakette-2012-Rosalia-300x300.jpg 300w, http:\/\/web4work.ch\/putzfroue\/wp-content\/uploads\/2018\/01\/Plakette-2012-Rosalia-150x150.jpg 150w, http:\/\/web4work.ch\/putzfroue\/wp-content\/uploads\/2018\/01\/Plakette-2012-Rosalia-100x100.jpg 100w, http:\/\/web4work.ch\/putzfroue\/wp-content\/uploads\/2018\/01\/Plakette-2012-Rosalia.jpg 327w\" sizes=\"(max-width: 300px) 100vw, 300px\" \/><\/a><\/td>\n<\/tr>\n<\/tbody>\n<\/table>\n<!-- #tablepress-3 from cache -->\n","protected":false},"excerpt":{"rendered":"<p>ROSALIA ist ebenfalls ein Gr\u00fcndungsmitglied der PutzFroue und hatte fr\u00fcher die Geschicke der Gruppe in die richtigen Gassen und Beizen gelenkt. ROSALIA ist eine sehr fleissige Putzfrau \u2013 also wir meinen das so \u2013 sie ist seit 1992 an jeder Fasnacht dabei \u2013 aber das mit dem Putzen ist nicht so ihre Sache. Fr\u00fcher hatte &hellip; <\/p>\n<p class=\"link-more\"><a href=\"http:\/\/web4work.ch\/putzfroue\/?page_id=208\" class=\"more-link\"><span class=\"screen-reader-text\">\u201eRosalia Manella\u201c<\/span> weiterlesen<\/a><\/p>\n","protected":false},"author":1,"featured_media":271,"parent":0,"menu_order":0,"comment_status":"closed","ping_status":"closed","template":"","meta":{"footnotes":""},"class_list":["post-208","page","type-page","status-publish","has-post-thumbnail","hentry"],"_links":{"self":[{"href":"http:\/\/web4work.ch\/putzfroue\/index.php?rest_route=\/wp\/v2\/pages\/208","targetHints":{"allow":["GET"]}}],"collection":[{"href":"http:\/\/web4work.ch\/putzfroue\/index.php?rest_route=\/wp\/v2\/pages"}],"about":[{"href":"http:\/\/web4work.ch\/putzfroue\/index.php?rest_route=\/wp\/v2\/types\/page"}],"author":[{"embeddable":true,"href":"http:\/\/web4work.ch\/putzfroue\/index.php?rest_route=\/wp\/v2\/users\/1"}],"replies":[{"embeddable":true,"href":"http:\/\/web4work.ch\/putzfroue\/index.php?rest_route=%2Fwp%2Fv2%2Fcomments&post=208"}],"version-history":[{"count":1,"href":"http:\/\/web4work.ch\/putzfroue\/index.php?rest_route=\/wp\/v2\/pages\/208\/revisions"}],"predecessor-version":[{"id":209,"href":"http:\/\/web4work.ch\/putzfroue\/index.php?rest_route=\/wp\/v2\/pages\/208\/revisions\/209"}],"wp:featuredmedia":[{"embeddable":true,"href":"http:\/\/web4work.ch\/putzfroue\/index.php?rest_route=\/wp\/v2\/media\/271"}],"wp:attachment":[{"href":"http:\/\/web4work.ch\/putzfroue\/index.php?rest_route=%2Fwp%2Fv2%2Fmedia&parent=208"}],"curies":[{"name":"wp","href":"https:\/\/api.w.org\/{rel}","templated":true}]}}