{"id":212,"date":"2018-02-02T10:28:41","date_gmt":"2018-02-02T10:28:41","guid":{"rendered":"http:\/\/web4work.ch\/putzfroue\/?page_id=212"},"modified":"2018-02-02T10:28:41","modified_gmt":"2018-02-02T10:28:41","slug":"patricia-schick","status":"publish","type":"page","link":"http:\/\/web4work.ch\/putzfroue\/?page_id=212","title":{"rendered":"Patricia Schick"},"content":{"rendered":"<p>PATRICIA ist seit einigen Jahren unser CHEFFIN. Mit ihrer schrillen, lauten absolut gruusig klingenden Trillerpfeife versammelt sie unseren Haufen immer wieder. Unglaublich wie das funktioniert \u2013 weiss der Geier wie das geht.<\/p>\n<p>PATRICIA ist nat\u00fcrlich an s\u00e4mtlichen Anl\u00e4ssen der PutzFroue anwesend und feiert geh\u00f6rig bis die Balken krachen.<\/p>\n<p>PATRICIA ist immer und das ohne Ausnahme, also wirklich immer, immer bei den letzten die die Stadt aufr\u00e4umen \u2013 sagt sie jedenfalls. Aber auch sie findest du im Bermudadreieck zu sp\u00e4ter Stunde.<\/p>\n\n<table id=\"tablepress-7\" class=\"tablepress tablepress-id-7\">\n<thead>\n<tr class=\"row-1\">\n\t<th class=\"column-1\">Name<\/th><th class=\"column-2\">Patrizia Schick<\/th>\n<\/tr>\n<\/thead>\n<tbody class=\"row-striping row-hover\">\n<tr class=\"row-2\">\n\t<td class=\"column-1\">Bei den PutzFroue seit<\/td><td class=\"column-2\">1994<\/td>\n<\/tr>\n<tr class=\"row-3\">\n\t<td class=\"column-1\">Ausbildung<\/td><td class=\"column-2\">International diplomierte Raumspray Verteilern<\/td>\n<\/tr>\n<tr class=\"row-4\">\n\t<td class=\"column-1\">Beruf<\/td><td class=\"column-2\">Cheffin<\/td>\n<\/tr>\n<tr class=\"row-5\">\n\t<td class=\"column-1\">Wo ist sie w\u00e4hrend dem Jahr<\/td><td class=\"column-2\">\u00fci\u00fci\u00fci\u00fc hesch der \u00e4 Usblick<\/td>\n<\/tr>\n<tr class=\"row-6\">\n\t<td class=\"column-1\">FeiglingBarometer<\/td><td class=\"column-2\">19<\/td>\n<\/tr>\n<tr class=\"row-7\">\n\t<td class=\"column-1\">Sie zierte unser Plagette im <\/td><td class=\"column-2\">2011<\/td>\n<\/tr>\n<tr class=\"row-8\">\n\t<td class=\"column-1\">so sch\u00f6n - gell<\/td><td class=\"column-2\"><a href=\"http:\/\/web4work.ch\/putzfroue\/wp-content\/uploads\/2018\/01\/Plakette-2011-Patricia.png\"><img fetchpriority=\"high\" decoding=\"async\" src=\"http:\/\/web4work.ch\/putzfroue\/wp-content\/uploads\/2018\/01\/Plakette-2011-Patricia.png\" alt=\"\" width=\"258\" height=\"258\" class=\"alignnone size-full wp-image-86\" srcset=\"http:\/\/web4work.ch\/putzfroue\/wp-content\/uploads\/2018\/01\/Plakette-2011-Patricia.png 258w, http:\/\/web4work.ch\/putzfroue\/wp-content\/uploads\/2018\/01\/Plakette-2011-Patricia-150x150.png 150w, http:\/\/web4work.ch\/putzfroue\/wp-content\/uploads\/2018\/01\/Plakette-2011-Patricia-100x100.png 100w\" sizes=\"(max-width: 258px) 100vw, 258px\" \/><\/a><\/td>\n<\/tr>\n<\/tbody>\n<\/table>\n<!-- #tablepress-7 from cache -->\n","protected":false},"excerpt":{"rendered":"<p>PATRICIA ist seit einigen Jahren unser CHEFFIN. Mit ihrer schrillen, lauten absolut gruusig klingenden Trillerpfeife versammelt sie unseren Haufen immer wieder. Unglaublich wie das funktioniert \u2013 weiss der Geier wie das geht. PATRICIA ist nat\u00fcrlich an s\u00e4mtlichen Anl\u00e4ssen der PutzFroue anwesend und feiert geh\u00f6rig bis die Balken krachen. PATRICIA ist immer und das ohne Ausnahme, &hellip; <\/p>\n<p class=\"link-more\"><a href=\"http:\/\/web4work.ch\/putzfroue\/?page_id=212\" class=\"more-link\"><span class=\"screen-reader-text\">\u201ePatricia Schick\u201c<\/span> weiterlesen<\/a><\/p>\n","protected":false},"author":1,"featured_media":192,"parent":0,"menu_order":0,"comment_status":"closed","ping_status":"closed","template":"","meta":{"footnotes":""},"class_list":["post-212","page","type-page","status-publish","has-post-thumbnail","hentry"],"_links":{"self":[{"href":"http:\/\/web4work.ch\/putzfroue\/index.php?rest_route=\/wp\/v2\/pages\/212","targetHints":{"allow":["GET"]}}],"collection":[{"href":"http:\/\/web4work.ch\/putzfroue\/index.php?rest_route=\/wp\/v2\/pages"}],"about":[{"href":"http:\/\/web4work.ch\/putzfroue\/index.php?rest_route=\/wp\/v2\/types\/page"}],"author":[{"embeddable":true,"href":"http:\/\/web4work.ch\/putzfroue\/index.php?rest_route=\/wp\/v2\/users\/1"}],"replies":[{"embeddable":true,"href":"http:\/\/web4work.ch\/putzfroue\/index.php?rest_route=%2Fwp%2Fv2%2Fcomments&post=212"}],"version-history":[{"count":1,"href":"http:\/\/web4work.ch\/putzfroue\/index.php?rest_route=\/wp\/v2\/pages\/212\/revisions"}],"predecessor-version":[{"id":213,"href":"http:\/\/web4work.ch\/putzfroue\/index.php?rest_route=\/wp\/v2\/pages\/212\/revisions\/213"}],"wp:featuredmedia":[{"embeddable":true,"href":"http:\/\/web4work.ch\/putzfroue\/index.php?rest_route=\/wp\/v2\/media\/192"}],"wp:attachment":[{"href":"http:\/\/web4work.ch\/putzfroue\/index.php?rest_route=%2Fwp%2Fv2%2Fmedia&parent=212"}],"curies":[{"name":"wp","href":"https:\/\/api.w.org\/{rel}","templated":true}]}}